ber?
True
Let r be (1/1 + 0)*-1. Is -1*(0/(-14) - (465 - r)) a prime number?
False
Let i(s) = -127*s. Let k(n) = -254*n + 1. Let l(j) = 5*i(j) - 2*k(j). Is l(-5) a prime number?
False
Suppose 0 = 5*y - 4*o + 3*o - 40, -4*y + 23 = o. Is (-5 - -1) + 2328/(y + 1) composite?
True
Let j = -3486 + 14359. Is j prime?
False
Suppose h - 8 = 4*m + 12, -m = -3*h + 5. Let o(j) = 3*j**3 - 6*j**2 - 38*j + 7. Let s be o(6). Is s*(3/3 - h) a composite number?
False
Let d(w) be the first derivative of 139*w**3 - 4*w**2 - 11*w + 18. Is d(-2) prime?
False
Let s be ((-174)/(-5))/(6/40). Suppose -2*t + s = 2*t. Is t composite?
True
Let v be ((-16)/10)/(1/(-5)). Suppose 2*p = -5*r - 8, 2*p - r + 2*r = -v. Let c(z) = z**2 - 2*z + 2. Is c(p) composite?
True
Let t(s) be the second derivative of -19*s**3/3 + s**2/2 - 9*s. Is t(-11) prime?
True
Let z be 2/(5/((-1435)/2)). Let n be 2/6 - 7645/(-15). Let o = n + z. Is o composite?
False
Let d = 788 - 1518. Let y = d + 1449. Is y composite?
False
Let z be 84/(-60) - -7 - 2/(-5). Let u = 549 + -288. Suppose z*a - 185 = -2*q + a, -3*q - 2*a = -u. Is q prime?
False
Let d = 18 + -13. Let b(g) = 3 - 6 - 10*g**2 + 16*g**2 - 4*g. Is b(d) composite?
False
Let i(v) = -3882*v**3 + v**2 + 4*v + 4. Is i(-1) composite?
True
Let p = -168615 - -282848. Is p a prime number?
False
Let o = -9855 - -16208. Is o a composite number?
False
Let a(m) = 1434*m**3 + m**2 + 8*m - 9. Is a(2) prime?
True
Suppose 2*x + 10 = 3*q, x + 3*x - q = -10. Is (-3)/x*(-4 - (-4030)/15) a composite number?
False
Let g(s) = 169*s**3 + 6*s**2 - 6*s - 1. Is g(2) a prime number?
False
Let r = 43138 + -23957. Is r a composite number?
False
Let u(g) = -g**2 - 4*g + 23. Let l be 3 + -1 + -1 + 7. Let p = l - 14. Is u(p) a prime number?
True
Let y be 1/(552/183 - 3). Suppose 3*h + 1014 = 3*f, h - 5*f + 273 = -y. Is -1*(0 + h)/3 a composite number?
False
Let b(x) = 472*x - 25. Is b(5) prime?
False
Let r = 3 - 3. Suppose 0*p - 4*p = r, 0 = -3*v + 3*p + 741. Suppose 1228 = 3*z + u, 0 = 5*z - 4*u - v - 1794. Is z a composite number?
False
Is (148 - 147)/((-1)/(-3719)) composite?
False
Let k(l) = 862*l + 127. Is k(7) a prime number?
False
Suppose g = -2*g + 756. Suppose z + g = m, 5*z - 749 = -3*m + z. Suppose m = 3*y + 74. Is y composite?
False
Suppose 3*d - 35238 = 3*x, -14*d = -10*d + x - 46989. Is d prime?
False
Let n(a) = a**3 + 5*a**2 - 8*a + 2. Let t be n(-6). Suppose 2*y + 10 = -f, -4*f + f + t = -5*y. Is f/10 + (-2396)/(-5) a prime number?
True
Suppose 0 = -3*y + 3*s + 9336, -y = 3*y + 2*s - 12430. Is y composite?
False
Suppose -127*a + 114*a + 118183 = 0. Is a a composite number?
False
Let z(l) = l - 16. Let g be z(18). Suppose g*d - 2109 = -3*q, -2*q + 3*d + 1441 = 48. Is q a prime number?
True
Let v(r) = 2*r - 7. Let t be v(6). Suppose t*d - 345 = -0*d. Let i = d + 142. Is i a prime number?
True
Let p(q) = 50*q**2 - 3*q - 49. Is p(-14) composite?
True
Suppose -1 = -4*s + 51. Suppose 2*a = 551 - s. Is a composite?
False
Let g(z) = z**3 - 3*z**2 - 2*z + 4. Let a be g(3). Is a + 4 + 6*26 composite?
True
Let k be (6/(1 - -1))/((-8)/(-4568)). Suppose -4*w - n + 6928 = -2*n, 5*n = w - k. Is w composite?
False
Let o = -3 - -1. Let z(l) = 454*l - 21. Let f(c) = 228*c - 9. Let h(r) = -5*f(r) + 2*z(r). Is h(o) prime?
True
Let p = -457 - -37. Let q be 1/(1499/(-749) - -2). Let g = p - q. Is g prime?
False
Let g(z) = -5*z**3 + z**2 - z - 2. Let j be g(-2). Let q(d) = -d**2 - 2*d + d + j + 13. Is q(0) prime?
False
Let d(h) be the third derivative of -184*h**6/5 + h**5/60 - h**4/12 - h**3/3 - 35*h**2. Is d(-1) a prime number?
False
Suppose u = -4*z - 4 - 6, -5*z = 4*u + 7. Is (-10)/8*(u + -70) a composite number?
True
Let d(i) = 14*i**3 + 5*i**2 - 46*i - 8. Is d(7) a prime number?
False
Let g be (-7 + 6)/((-1)/134). Let r = g + 65. Is r a prime number?
True
Let q = 920 - -251. Is q a composite number?
False
Suppose -j + z = 2*j + 13, -8 = 4*j + z. Is 1 + -4 + -3*3020/j composite?
True
Let k(l) = l**2 + 11*l + 2. Let m be k(-13). Let w = m - 33. Is (-887)/w*(6 + -1) a composite number?
False
Suppose 2440 = a - 3*o, 0 = 5*a + 2*o - 18024 + 5756. Let q(w) = -2*w - 10. Let r be q(-6). Suppose 6*z - a = r*z. Is z a prime number?
True
Let q be -3*(-5)/(45/1902). Suppose 378 = 4*d - q. Is d a prime number?
False
Suppose 4*l = -t + 14102, 0 = -5*l + t - 0*t + 17623. Let p be (7/2 + -3)/(1/6). Suppose -5*z + 3549 = d, 5*d + l = p*z + 2*z. Is z a prime number?
True
Let q = 18 - 18. Suppose q = -3*s - 2*w - 6, s - 9 = 5*s + 3*w. Suppose -4*x + 3*x + 15 = s. Is x a composite number?
True
Let q(z) be the third derivative of z**7/840 - z**6/60 - z**5/12 - 7*z**4/24 - z**3/3 + z**2. Let y(w) be the first derivative of q(w). Is y(9) composite?
True
Let n = -3 - -6. Suppose -b + n*b = 616. Suppose -b - 57 = -j. Is j a prime number?
False
Is (-130332)/(-32) - 3/(-24) a prime number?
True
Let y = 682 + -431. Suppose 5*v - 234 = y. Is v a composite number?
False
Suppose -3*o + 7*o - 12 = 0. Let c(d) = 8*d**2 + 3*d + 1. Let s be c(o). Suppose l - s = -2*h + 235, h - 154 = -5*l. Is h prime?
False
Suppose 6*c - c = 15. Let n be 8/6 + (-4)/(-6). Suppose 1933 = 5*f - c*d, -4*f = -f - n*d - 1159. Is f composite?
False
Suppose 4*m - 121376 = -4*t + 30676, -m = -4*t - 38033. Is m prime?
False
Suppose 0 = -c + 593 - 86. Let v be 1/5 - c/(-65). Suppose -5*s + v*s = 237. Is s prime?
True
Suppose q + 0*q = 3. Suppose -2*p + q*p = -39. Is 2/13 + (-6117)/p a composite number?
False
Let p = -5355 - -1975. Let a = p - -5094. Is a a composite number?
True
Let u = 41 - 36. Suppose -322 = -2*n - 6*h + 4*h, -u*h + 177 = n. Is n a prime number?
True
Is (-583379)/(-444)*(0 + 12) a composite number?
False
Suppose 0 = 5*i - p - 490, 5*i - 3*p = 7*i - 179. Is i prime?
True
Suppose 1 = -4*n - 4*x + 17, -n + 5*x = 2. Suppose 3*r + n*l = 867, -2*l = 4*r + 275 - 1439. Is r prime?
True
Suppose -20 = 16*t - 20*t. Suppose -3*b + 3826 = c, -5416 = -t*c + 3*b + 13732. Is c a composite number?
True
Suppose 0 = 7*u - 4371 - 3112. Is u a composite number?
False
Let s(g) = -52*g - 3. Suppose 0 = 4*c + 11 - 111. Suppose -c = h + 4*h. Is s(h) composite?
False
Suppose -2*x + 18187 = y, 18207 = 2*x + 5*y - 0*y. Is x a composite number?
False
Is 325143/312 - 1/8 a composite number?
True
Let c = 34 - 34. Suppose -4*w - 347 = -i, i - 356 = -c*w + w. Is i prime?
True
Suppose 0 = -2*k + 4*r + 3286, -3*k + 0*k - 4*r = -4929. Suppose -12*q + 5401 + k = 0. Is q composite?
False
Let d be 6*((-14)/(-12) - -1). Let y = 15 - d. Is y*2*1615/68 a composite number?
True
Suppose -4*g + 853 = 3*t, 0 = 2*g - 5*t + 215 - 622. Is g a prime number?
True
Let l = 558 - 359. Is (-5)/((-5)/l) - -2 a composite number?
True
Suppose -7*c + 350 = -8253. Is c composite?
False
Suppose 2*u - 12 = -2*z, -3*u - 4*z + 16 = -7. Is (-1 - 3) + (u - -986) a prime number?
True
Suppose 0 = 5*r + 4*r - 54. Let k = 1 - -2. Suppose 0 = 3*p + 3*c - 450, -r = -k*c + 9. Is p a composite number?
True
Let l = 89 + -70. Suppose -l*c + c + 34074 = 0. Is c prime?
False
Is (1083540/(-21))/(-4) + 12/(-42) a composite number?
False
Let a = 234 + -409. Let w = -108 - a. Is w prime?
True
Is ((-5932)/(-8) - 2) + 6/(-12) prime?
True
Let k(w) be the first derivative of 53*w**5/120 - w**4/24 - 7*w**3/3 - 2. Let d(t) be the third derivative of k(t). Is d(3) prime?
False
Let y(l) = -65*l + 63. Let a(f) = -32*f + 31. Let u(o) = -5*a(o) + 2*y(o). Is u(8) a prime number?
True
Let z = 16 - 17. Is 2 + 305 + (z - -1) a composite number?
False
Let x be (11/(-2) - -2)*(-4)/2. Suppose x*z = z + 3342. Is z a composite number?
False
Suppose -3*q - 2*n = n - 2919, 2*q = 3*n + 1926. Suppose -15*c + 18*c = q. Is c a prime number?
False
Let f(u) = 4*u**3 + u**2 + 14*u + 94. Is f(13) composite?
True
Let d(v) be the third derivative of -23*v**4/24 + 5*v**3/6 + 2*v**2. Let x be d(12). Let l = 390 + x. Is l a prime number?
False
Let z be ((-6)/(-10) - 19/(-10))*-2594. Let o = z + 10876. Is o composite?
False
Let f(h) = -1277*h + 128. Is f(-3) a prime number?
False
Is 6*(-10)/(-60) + 2842 composite?
False
Is -34061*16/32*(-2 - 0) a composite number?
False
Suppose 2*c = 3*c + 1. Let t be (2/c)/2*-106. Suppose 2*y + t = 4*y. Is y a composite number?
False
Suppose -d = -5*x + 127195, x = -0*x - 5*d + 25439. Is x prime?
